{"id":37,"date":"2023-10-19T11:10:03","date_gmt":"2023-10-19T08:10:03","guid":{"rendered":"https:\/\/ecogel.vn\/?page_id=37"},"modified":"2025-04-01T11:25:40","modified_gmt":"2025-04-01T08:25:40","slug":"tuyen-dung-recruitment","status":"publish","type":"page","link":"https:\/\/ecogel.vn\/index.php\/tuyen-dung-recruitment\/","title":{"rendered":"Tuy\u1ec3n D\u1ee5ng \/ RECRUITMENT"},"content":{"rendered":"\n<p><em><strong>Careers<\/strong><\/em><\/p>\n\n\n\n<p><strong><br>C\u00f4ng ty TNHH Ch\u1ebf Bi\u1ebfn Ecogel<br><em>ECOGEL PROCESSING CO., LTD<\/em><\/strong><\/p>\n\n\n\n<p><strong>1. V\u1ecb tr\u00ed: Nh\u00e2n Vi\u00ean Ph\u00e1t Tri\u1ec3n Th\u1ecb Tr\u01b0\u1eddng Qu\u1ed1c T\u1ebf.<br><em>&nbsp; &nbsp; Position: International Business Development Representative<\/em><\/strong><\/p>\n\n\n\n<p><strong>2. M\u00f4 t\u1ea3 c\u00f4ng vi\u1ec7c\/&nbsp;<em>Job description:<\/em><\/strong><\/p>\n\n\n\n<p><strong>\u2022 T\u00ecm ki\u1ebfm, nghi\u00ean c\u1ee9u, ph\u00e2n t\u00edch th\u1ecb tr\u01b0\u1eddng bu\u00f4n b\u00e1n da c\u00e1 tra ti\u1ec1m n\u0103ng, nguy\u00ean li\u1ec7u th\u00f4 v\u1ea3y c\u00e1 trong khu v\u1ef1c \u0110\u00f4ng Nam \u00c1 xu\u1ea5t \u0111i th\u1ecb tr\u01b0\u1eddng Ch\u00e2u \u00c2u \u2013 \u0111\u1eb7c bi\u1ec7t th\u1ecb tr\u01b0\u1eddng Th\u1ed5 Nh\u0129 K\u1ef3. Mua th\u00e0nh ph\u1ea9m gelatin\/collagen nh\u1eadp t\u1eeb th\u1ecb tr\u01b0\u1eddng Ch\u00e2u \u00c2u \u2013 \u0111\u1eb7c bi\u1ec7t l\u00e0 th\u1ecb tr\u01b0\u1eddng Th\u1ed5 Nh\u0129 K\u1ef3 v\u00e0o Vi\u1ec7t Nam<br><em>Searching for, studying, focusing pangasius skins, raw material in fish scales of the Southeast Asian selling to markets to EU market \u2013 especially in Turkey. Buying gelatin\/collagen products that have been imported from the European market, particularly the Turkish market to Vietnam.<\/em><br>\u2022 Theo d\u00f5i th\u01b0\u1eddng xuy\u00ean t\u00ecnh h\u00ecnh th\u1ecb tr\u01b0\u1eddng bu\u00f4n b\u00e1n da c\u00e1 tra, nguy\u00ean li\u1ec7u th\u00f4 v\u1ea3y c\u00e1 trong khu v\u1ef1c \u0110\u00f4ng Nam \u00c1 \u2013 Ch\u00e2u \u00c2u \u2013 Th\u1ed5 Nh\u0129 K\u1ef3 \u2026.t\u1eeb \u0111\u00f3 l\u1eadp b\u00e1o c\u00e1o h\u00e0ng tu\u1ea7n\/ h\u00e0ng th\u00e1ng l\u00ean c\u1ea5p tr\u00ean \u0111\u1ec3 \u0111\u1ec1 ra c\u00e1c ph\u01b0\u01a1ng \u00e1n ph\u00e1t tri\u1ec3n ph\u00f9 h\u1ee3p theo t\u1eebng th\u1eddi k\u1ef3.<br><em>Monitoring the state of the Southeast Asian \u2013 EU \u2013 Turkey trade market in pangasius, dry fish scale \u2026\u2026on a regular basis and making weekly\/monthly reports to superiors to suggest development strategies that are acceptable.<\/em><br>\u2022 Th\u1ef1c hi\u1ec7n c\u00e1c th\u1ee7 t\u1ee5c li\u00ean quan \u0111\u1ebfn xu\u1ea5t kh\u1ea9u h\u00e0ng h\u00f3a v\u00e0 thu ti\u1ec1n h\u00e0ng.<br><em>Complete the necessary steps for the export and collection of goods.<\/em><br>\u2022 Ph\u1ed1i h\u1ee3p v\u1edbi c\u00e1c b\u1ed9 ph\u1eadn, c\u00e1 nh\u00e2n c\u00f3 li\u00ean quan \u0111\u1ec3 gi\u1ea3i quy\u1ebft v\u1ea5n \u0111\u1ec1 c\u00f4ng n\u1ee3, khi\u1ebfu n\u1ea1i c\u1ee7a kh\u00e1ch h\u00e0ng trong qu\u00e1 tr\u00ecnh s\u1eed d\u1ee5ng s\u1ea3n ph\u1ea9m c\u1ee7a c\u00f4ng ty.<br><em>Work together with pertinent departments and people to address debt issues and customer complaints that arise while customers are using the company&#8217;s products.<\/em><br>\u2022 X\u00e2y d\u1ef1ng v\u00e0 duy tr\u00ec m\u1ed1i quan h\u1ec7 t\u1ed1t v\u1edbi c\u00e1c kh\u00e1ch h\u00e0ng hi\u1ec7n t\u1ea1i.<br><em>Foster continued ties with current clients.<\/em><\/strong><\/p>\n\n\n\n<p><strong><br>3. Y\u00eau c\u1ea7u \u1ee9ng vi\u00ean\/&nbsp;<em>Requirements for candidates:<\/em><\/strong><\/p>\n\n\n\n<p><strong><br>\u2022&nbsp;05 n\u0103m kinh nghi\u1ec7m l\u00e0m vi\u1ec7c t\u1ea1i v\u1ecb tr\u00ed t\u01b0\u01a1ng \u0111\u01b0\u01a1ng<br><em>Five years of experience working in a comparable role<\/em><br>\u2022&nbsp;Ti\u1ebfng Anh + Th\u1ed5 Nh\u0129 K\u1ef3 th\u00e0nh th\u1ea1o (Nghe, n\u00f3i, \u0111\u1ecdc, vi\u1ebft)<br><em>Proficient English + Turkish (Listening, Speaking, Reading, Writing)<\/em><br>\u2022&nbsp;C\u00f3 kh\u1ea3 n\u0103ng ch\u1ecbu \u00e1p l\u1ef1c v\u1edbi c\u00f4ng vi\u1ec7c, nhanh nh\u1eb9n, giao ti\u1ebfp t\u1ed1t, s\u1eafp x\u1ebfp c\u00f4ng vi\u1ec7c<br><em>Capable of working under pressure, agile, effective at communicating, and flexible with work schedule<\/em><\/strong><\/p>\n\n\n\n<p><strong><br>4. Quy\u1ec1n l\u1ee3i\/&nbsp;<em>Benefits:<\/em><br><br>\u2022&nbsp;Thu nh\u1eadp trung b\u00ecnh: 20.000.000\u0111 \u0111\u1ebfn 30.000.000\u0111\/th\u00e1ng<br><em>Monthly income ranges between VND 20,000,000 and VND 30,000,000<\/em><br>\u2022&nbsp;H\u01b0\u1edfng BHXH, BHYT, ch\u1ebf \u0111\u1ed9 ngh\u1ec9 L\u1ec5 T\u1ebft theo Lu\u1eadt lao \u0111\u1ed9ng.<br><em>In accordance with the Labor Law, take advantage of social insurance, health insurance, and Tet holiday.<\/em><br>\u2022&nbsp;C\u00f3 ch\u00ednh s\u00e1ch ph\u00fac l\u1ee3i: c\u00e1c d\u1ecbp L\u1ec5 T\u1ebft, Sinh nh\u1eadt, L\u01b0\u01a1ng Th\u00e1ng 13, Teambuilding\u2026<br><em>Have a welfare policy that covers Tet holidays, birthdays, the thirteenth salary, and teambuilding.<\/em><br>\u2022&nbsp;Tham gia v\u00e0o c\u00e1c bu\u1ed5i \u0111\u00e0o t\u1ea1o n\u1ed9i b\u1ed9 c\u1ee7a C\u00f4ng ty v\u00e0 c\u1ee7a c\u00e1c \u0111\u1ed1i t\u00e1c kh\u00e1c<\/strong><\/p>\n\n\n\n<p><strong><em>Participate in company and other partner internal training programs.<\/em><br>\u2022 C\u00f3 nhi\u1ec1u ch\u00ednh s\u00e1ch \u0111\u00e3i ng\u1ed9 theo k\u1ebft qu\u1ea3 l\u00e0m vi\u1ec7c ho\u1eb7c nh\u1eefng k\u1ebf ho\u1ea1ch \u0111\u1ed9t ph\u00e1, c\u01a1 h\u1ed9i th\u0103ng ti\u1ebfn ngh\u1ec1 nghi\u1ec7p.<br><em>Many compensation systems are based on work performance, breakthrough strategies.<\/em><\/strong><\/p>\n\n\n\n<p><strong><br>5. \u0110\u1ecba \u0111i\u1ec3m l\u00e0m vi\u1ec7c\/\u00a0<em>Location:<\/em><br>6th Floor, Room 6A, 35 Hoang Dieu Street, Ward 13, District 4, Ho Chi Minh City, Vietnam<br>6. Th\u00f4ng tin li\u00ean h\u1ec7\u00a0<em>(Contact info.)<\/em><br>Email:\u00a0<a href=\"mailto:info@ecogel.vn\">info@ecogel.vn<\/a><\/strong><\/p>\n\n\n\n<p><strong>Hotline: +8 490 217 6716<br>7. H\u1ea1n n\u1ed9p H\u1ed3 S\u01a1\/ Deadline of submission: 19\/12\/2022 &#8211; 19\/01\/2023<\/strong><\/p>\n\n\n\n<p><strong>Thank you&nbsp;<\/strong><\/p>\n","protected":false},"excerpt":{"rendered":"<p>Careers C\u00f4ng ty TNHH Ch\u1ebf Bi\u1ebfn EcogelECOGEL PROCESSING CO., LTD 1. V\u1ecb tr\u00ed: Nh\u00e2n Vi\u00ean Ph\u00e1t Tri\u1ec3n Th\u1ecb Tr\u01b0\u1eddng Qu\u1ed1c T\u1ebf.&nbsp; &nbsp; Position: International Business Development Representative 2. M\u00f4 t\u1ea3 c\u00f4ng vi\u1ec7c\/&nbsp;Job description: \u2022 T\u00ecm ki\u1ebfm, nghi\u00ean c\u1ee9u, ph\u00e2n t\u00edch th\u1ecb tr\u01b0\u1eddng bu\u00f4n b\u00e1n da c\u00e1 tra ti\u1ec1m n\u0103ng, nguy\u00ean li\u1ec7u th\u00f4 v\u1ea3y c\u00e1 trong&hellip; <br \/> <a class=\"read-more\" href=\"https:\/\/ecogel.vn\/index.php\/tuyen-dung-recruitment\/\">Devam\u0131<\/a><\/p>\n","protected":false},"author":1,"featured_media":0,"parent":0,"menu_order":5,"comment_status":"closed","ping_status":"closed","template":"","meta":{"footnotes":""},"class_list":["post-37","page","type-page","status-publish","hentry"],"_links":{"self":[{"href":"https:\/\/ecogel.vn\/index.php\/wp-json\/wp\/v2\/pages\/37","targetHints":{"allow":["GET"]}}],"collection":[{"href":"https:\/\/ecogel.vn\/index.php\/wp-json\/wp\/v2\/pages"}],"about":[{"href":"https:\/\/ecogel.vn\/index.php\/wp-json\/wp\/v2\/types\/page"}],"author":[{"embeddable":true,"href":"https:\/\/ecogel.vn\/index.php\/wp-json\/wp\/v2\/users\/1"}],"replies":[{"embeddable":true,"href":"https:\/\/ecogel.vn\/index.php\/wp-json\/wp\/v2\/comments?post=37"}],"version-history":[{"count":5,"href":"https:\/\/ecogel.vn\/index.php\/wp-json\/wp\/v2\/pages\/37\/revisions"}],"predecessor-version":[{"id":306,"href":"https:\/\/ecogel.vn\/index.php\/wp-json\/wp\/v2\/pages\/37\/revisions\/306"}],"wp:attachment":[{"href":"https:\/\/ecogel.vn\/index.php\/wp-json\/wp\/v2\/media?parent=37"}],"curies":[{"name":"wp","href":"https:\/\/api.w.org\/{rel}","templated":true}]}}